hen z is divided by j(-1)?
15
What is the remainder when 100 is divided by 3 - (-18)/5*(8 - 3)?
16
Suppose 161 = 3*a - 28. Calculate the remainder when a is divided by 33.
30
Suppose 2*a + 46 = 4*o, a - 26 - 35 = -4*o. Let t(x) = 3*x**2 + 2*x - 3. Let m be t(5). Suppose 22 + m = 4*i. Calculate the remainder when i is divided by o.
12
Suppose -v - q + 7 = -1, -4*v + 2*q + 8 = 0. Let o(j) = 0*j + v - 3*j + 0*j + 3*j**2. What is the remainder when o(4) is divided by 14?
12
Suppose 6 = -2*b, -18 - 9 = -3*o + 5*b. What is the remainder when ((-33)/(-6))/((-4)/(-8)) is divided by o?
3
Let g(n) = -8*n**2 + 2*n + 2. Let b be g(-2). Let a = b + 62. Let p = 47 - a. What is the remainder when p is divided by 7?
5
Let g(o) = o - 7. Let q be g(5). Let a be (q - -2) + (1 - -4). Suppose a*j = -10, 4*x = x - 2*j + 101. What is the remainder when x is divided by 18?
17
Let m be 3 - 0 - (-1 + 2). Suppose 3*s + m*s - 85 = 0. Let r(y) = y**3 - 8*y**2 + 5*y + 10. What is the remainder when r(8) is divided by s?
16
Let q(g) = g**3 - 4*g**2 + 2*g + 2. Let s be q(4). Calculate the remainder when s/6 - (-4)/12 is divided by (-3)/(-2) + 4/(-8).
0
Let g = 5 - -7. Calculate the remainder when g is divided by 2.
0
What is the remainder when 11 is divided by ((-8)/5)/(2/(-10))?
3
Suppose 3*w = 4*w. Suppose 4*n + 4*r + 12 = -0, w = -2*r - 10. What is the remainder when 2 - (-1 + n + -11) is divided by 7?
5
Let d be 39*(0 + -2 + 1). Let t = d + 55. What is the remainder when 31 is divided by t?
15
Let l(z) = z**2 - 5*z + 3. Let k be l(4). Let t(j) = -j**3 - 4*j**2 - 3*j - 4. Let f be t(-3). Let u = k - f. Calculate the remainder when 6 is divided by u.
0
Suppose 2*r - 11 = 4*o - 9*o, -r = -2*o + 8. Let f = -3 + o. Suppose i + 7 = g, f*i = g - 5*i - 15. What is the remainder when 13 is divided by g?
3
Suppose -z - 3*m = 0, 5*z - 4*m - 76 = -0*z. Suppose 92 = 2*w + z. Let n = w + 12. Calculate the remainder when n is divided by 18.
16
Suppose 3*k = r - 32, -5*r + 3*k + 173 = k. Calculate the remainder when 100 is divided by r.
30
Let m be (-111)/(-9)*(0 - -3). Let y = 58 - m. What is the remainder when 40 is divided by y?
19
Let v(w) = 11*w - 2. Suppose -4*t + 54 + 9 = -3*g, -15 = -5*g. Calculate the remainder when v(5) is divided by t.
17
Suppose -185 = -4*w - 77. Calculate the remainder when w is divided by 15.
12
Let n(r) = -r**3 + 5*r**2 - 4*r - 1. Let l(k) = -k - 2. Let v be 5/2*(-4)/2. What is the remainder when n(3) is divided by l(v)?
2
Let k(m) = 2*m**2 + m - 1. Let l be k(1). Let n(b) = 11*b**2 + b - 1. Calculate the remainder when n(l) is divided by 12.
9
Let n = 48 - 67. Let v = 40 - n. Calculate the remainder when v is divided by 20.
19
Let w = 47 - 31. Calculate the remainder when w is divided by 5.
1
Let c be 1 - 114/(4/(-2)). Let g = c + -39. What is the remainder when g is divided by 10?
9
Calculate the remainder when 15 is divided by 7 - 0 - (7 + 4/(-1)).
3
Suppose 4*q + 444 = 7*q. What is the remainder when q is divided by 39?
31
Let s = -55 - 1. Let w = s + 114. Calculate the remainder when w is divided by 15.
13
Let q(y) = -y. Let t be q(-2). Let r(f) be the third derivative of f**6/30 + f**4/24 - f**3/3 + 3*f**2. Calculate the remainder when r(t) is divided by 17.
15
Suppose 3 = 3*k, 5*k = 8*r - 3*r - 240. Suppose r = 3*i - 5*n, -5*i - n + 73 = -i. What is the remainder when i is divided by 10?
8
Suppose 0 = 3*b - 4*i - 94, -4*i - 5 = 2*b - 81. Let k(d) = d**3 - 7*d**2 + 9. Calculate the remainder when b is divided by k(7).
7
Suppose -2*t + 80 + 34 = 0. Calculate the remainder when t is divided by 15.
12
Let v be -8*1 - (-1 - -1). Calculate the remainder when 18 is divided by -2 - 3/2*v.
8
Suppose -3*y + 5*s + 99 = -0*s, -y - 5*s + 33 = 0. Calculate the remainder when 63 is divided by y.
30
Suppose 2*d - 10 = -4. Let l be 2 - d - 6/2. Calculate the remainder when 25 is divided by 1/l - 53/(-4).
12
Let b(i) = -4*i - 1. Calculate the remainder when 72 is divided by b(-4).
12
Let q(p) = -12*p + 4. Let o be q(-9). Suppose 79 = 3*y - 2*r, 4*r = 2*y + 2*y - o. Calculate the remainder when 44 is divided by y.
21
Let w(l) = 3 - l**3 - 7*l - 9*l**2 - 2 - l + 2. Let r = -20 - -12. What is the remainder when 3 is divided by w(r)?
0
Suppose 2*k + 82 = -2*b + 248, -4*k = -5*b + 370. What is the remainder when b is divided by 16?
14
Let o(q) be the second derivative of -q**5/20 + 7*q**4/12 + q**3/2 - 7*q**2/2 + 3*q. What is the remainder when o(5) is divided by (1 - 7)*20/(-6)?
18
Suppose -33 = 10*v - 13*v. Calculate the remainder when v is divided by 8.
3
Let n(k) = k**3 - 10*k**2 - 10*k + 12. Let g = 8 - 0. Calculate the remainder when n(11) is divided by g.
7
Let p = 8 - -5. Let y be (-46)/(-14) + (-2)/7. Let q(g) = 3*g - 2. Calculate the remainder when p is divided by q(y).
6
Let h(y) = -y**3 + 6*y**2 + 3*y - 1. What is the remainder when 31 is divided by h(6)?
14
Let r be 2/(-5) - (-76)/(-10). Calculate the remainder when (-170)/r - (-6)/(-24) is divided by (2/(-4))/(2/(-44)).
10
Suppose -48 = -2*i - 8. Suppose 0 = -0*k + 2*k - i. Calculate the remainder when 28 is divided by k.
8
Suppose -5*q - 7 = -22. Suppose -2*p - 5 = 5*k, -4*p + q*k + 2*k + 65 = 0. Calculate the remainder when 29 is divided by p.
9
Let i = 16 + -4. Calculate the remainder when i is divided by 7.
5
Let s = -27 + 40. Suppose -3*k - 2*j - 6 = 0, 2*k + 7 = 4*j - s. Calculate the remainder when 82/4 - (-2)/k is divided by 11.
9
Suppose 0 = -3*z - 2*z + 85. Suppose -5*g + z + 8 = 0. What is the remainder when 12 is divided by g?
2
Suppose -2*b + 15 = -0*b - r, 0 = -b + 5*r + 30. Let g(w) = -w**3 - 7*w**2 + 7*w - 6. Calculate the remainder when b is divided by g(-8).
1
Let l(r) = -r**2 - 8*r - 9. Let t be l(-6). Let j(p) = -p**3 + 4*p**2 - 2*p + 2. Calculate the remainder when j(t) is divided by 3.
2
Suppose 14 - 44 = -5*r. Calculate the remainder when r is divided by 3.
0
Suppose 29 = 2*u - 3. What is the remainder when u is divided by 9?
7
Suppose -5*u + 4*u = -4*g + 93, 0 = -2*g - u + 45. What is the remainder when 66 is divided by g?
20
Let f = -61 + 169. Let q = 36 + -20. Suppose 0 = -4*l + f - q. What is the remainder when l is divided by 8?
7
Suppose -3*w + 28 + 29 = 0. Calculate the remainder when 70 is divided by w.
13
Let b = 133 + -62. Calculate the remainder when b is divided by 18.
17
Let l = 1 - 1. Let f = l + 2. Suppose -3 = -f*c + 3. What is the remainder when 8 is divided by c?
2
Let d(t) = 4*t + 23. What is the remainder when d(10) is divided by 13?
11
Let w = 7 + -11. What is the remainder when -3 + 18/w*-6 is divided by 14?
10
Let z be (-12)/(-2)*3/6. Suppose -2*l - 210 = z*l. Let h = l + 59. Calculate the remainder when h is divided by 6.
5
What is the remainder when 168 is divided by (38/(-5))/(4/(-10))?
16
Suppose 4*v - 9 = 3. Suppose 2*h = l + v*l - 14, 0 = 3*l + 3*h + 12. Calculate the remainder when 26 is divided by 4*l/(2/7).
12
Let p(i) = -i**3 - 10*i**2 - 11*i + 6. Let r be p(-9). Let s = -28 - -49. Calculate the remainder when s is divided by (r/(-14))/((-10)/35).
3
Suppose 23*h - 24*h + 93 = 0. Calculate the remainder when h is divided by 16.
13
Let u = 46 + -23. Let y = 42 - u. Calculate the remainder when y is divided by 7.
5
Suppose 4*c = 5*u + 24, -5*c + 5*u + 10 = -25. Let h = 19 - c. Suppose 2*d = d + h. What is the remainder when 14 is divided by d?
6
Suppose -2*n = -7*n + 20. Suppose -n*x + 2*s - 2 + 26 = 0, -5*s = -2*x + 28. Calculate the remainder when 10 is divided by x.
2
Let j be (-2)/(-1 + -2 - -2). Suppose 2*x - 4*x = 4*u - 36, -6 = -u - j*x. What is the remainder when 18 is divided by u?
8
Suppose 4*n - 1 = 5*p, 0 = 3*p - 3*n - 0 + 3. Suppose 4*t = p + 5. Suppose 7 = y + t*b - 2, 5*y - 3*b = 71. What is the remainder when 23 is divided by y?
10
Let n(y) = 11*y**2 - 4 - y + 4. Suppose 2*l = 5*m - 18, 3*m - 23 = -5*l - 6. Calculate the remainder when n(1) is divided by m.
2
Suppose -2*s + 6*s = 88. Let h(v) = -4*v**3 + 3*v**2 + 2*v + 2. Let o be h(-3). Let n = o - 88. Calculate the remainder when n is divided by s.
21
Suppose -5 = -4*b + 15. Suppose 3*y + 169 = -3*v + 49, b*y - 22 = v. Let f = 66 + v. What is the remainder when f is divided by 15?
14
Let k(j) = -8*j - 9. What is the remainder when k(-4) is divided by 12?
11
Let h be 2/((-5)/(25/(-2)